{"id":1482,"date":"2022-07-07T18:24:31","date_gmt":"2022-07-07T16:24:31","guid":{"rendered":"https:\/\/www.aspronis.com\/serveis-a-les-empreses\/ocupacio-amb-valor-social\/"},"modified":"2024-04-15T11:03:53","modified_gmt":"2024-04-15T09:03:53","slug":"ocupacion-con-valor-social","status":"publish","type":"page","link":"https:\/\/www.aspronis.com\/es\/serveis-a-les-empreses\/ocupacion-con-valor-social\/","title":{"rendered":"Ocupaci\u00f3n con valor social"},"content":{"rendered":"<div class=\"wpb-content-wrapper\"><p>[vc_row css_animation=\u00bb\u00bb row_type=\u00bbrow\u00bb use_row_as_full_screen_section=\u00bbno\u00bb type=\u00bbgrid\u00bb angled_section=\u00bbno\u00bb text_align=\u00bbleft\u00bb background_image_as_pattern=\u00bbwithout_pattern\u00bb z_index=\u00bb\u00bb][vc_column][vc_column_text el_class=\u00bbsection_title small sep_small\u00bb]<\/p>\n<h2>Empresas socialmente responsables<\/h2>\n<p>[\/vc_column_text][vc_column_text]Actuar con par\u00e1metros socialmente responsables es un compromiso voluntario de las empresas y las instituciones con el desarrollo social y medioambiental que comporta mejoras en competitividad y rentabilidad.<\/p>\n<p>ASPRONIS podemos ser un colaborador para las empresas que quieran cumplir criterios de responsabilidad social, ya sea mediante la contrataci\u00f3n de personas con discapacidad, contratando servicios o haciendo una donaci\u00f3n.[\/vc_column_text][vc_separator type=\u00bbtransparent\u00bb up=\u00bb30&#8243;]<div class=\"qode-accordion-holder clearfix qode-toggle qode-initial \">\n\t<h4 class=\"clearfix qode-title-holder\">\n<span class=\"qode-tab-title\">\n\t    <span class=\"qode-tab-title-inner\">\n        Contratar personas    <\/span>\n<\/span>\n<span class=\"qode-accordion-mark\">\n    <span class=\"qode-accordion-mark-icon\">\n        <span class=\"icon_plus\"><\/span>\n        <span class=\"icon_minus-06\"><\/span>\n    <\/span>\n<\/span>\n<\/h4>\n<div  class=\"qode-accordion-content \" >\n    <div class=\"qode-accordion-content-inner\">\n        [vc_column_text]Las empresas de m\u00e1s de 50 trabajadores est\u00e1n sujetas al <a href=\"https:\/\/www.aspronis.com\/wp-content\/uploads\/2022\/09\/BOE-A-2013-12632.pdf\" target=\"_blank\" rel=\"noopener\">Decreto 1\/2013, de 29 de noviembre<\/a>, Texto Refundido de la Ley General de derechos de las personas con discapacidad y de su inclusi\u00f3n social, que establece la obligaci\u00f3n de que, al menos, el 2% de la plantilla sean trabajadores con discapacidad.<\/p>\n<p>En ASPRONIS ponemos a disposici\u00f3n de las empresas un servicio de inserci\u00f3n: ofrecemos apoyo a la persona y la empresa para la adaptaci\u00f3n al puesto de trabajo y hacemos seguimiento.<\/p>\n<p>La ley tambi\u00e9n prev\u00e9 la creaci\u00f3n de enclaves laborales en las empresas.[\/vc_column_text]    <\/div>\n<\/div><h4 class=\"clearfix qode-title-holder\">\n<span class=\"qode-tab-title\">\n\t    <span class=\"qode-tab-title-inner\">\n        Medidas alternativas    <\/span>\n<\/span>\n<span class=\"qode-accordion-mark\">\n    <span class=\"qode-accordion-mark-icon\">\n        <span class=\"icon_plus\"><\/span>\n        <span class=\"icon_minus-06\"><\/span>\n    <\/span>\n<\/span>\n<\/h4>\n<div  class=\"qode-accordion-content \" >\n    <div class=\"qode-accordion-content-inner\">\n        [vc_column_text]En caso de que las empresas no puedan incorporar personas con discapacidad, el Decreto 364\/2005, de 8 de abril, regula el cumplimiento alternativo a la cuota de reserva a favor de los trabajadores con discapacidad, como la contrataci\u00f3n de suministros o de prestaci\u00f3n de servicios con un Centro Especial de Empleo (CEE).<\/p>\n<p>EL VILAR es el CEE de iniciativa social de ASPRONIS. Con nuestra amplia oferta en servicios (manipulados y envasados, jardiner\u00eda, se\u00f1alizaci\u00f3n, limpieza, recuperaci\u00f3n de residuos, etc.), podemos ser un buen aliado de las empresas para cumplir con las medidas alternativas a la contrataci\u00f3n directa de personas.[\/vc_column_text]    <\/div>\n<\/div><h4 class=\"clearfix qode-title-holder\">\n<span class=\"qode-tab-title\">\n\t    <span class=\"qode-tab-title-inner\">\n        Donaciones o patrocinio    <\/span>\n<\/span>\n<span class=\"qode-accordion-mark\">\n    <span class=\"qode-accordion-mark-icon\">\n        <span class=\"icon_plus\"><\/span>\n        <span class=\"icon_minus-06\"><\/span>\n    <\/span>\n<\/span>\n<\/h4>\n<div  class=\"qode-accordion-content \" >\n    <div class=\"qode-accordion-content-inner\">\n        [vc_column_text]Otras medidas alternativas previstas en la legislaci\u00f3n vigente son las donaciones o el patrocinio con equivalencia monetaria a la contrataci\u00f3n de personas con discapacidad.<\/p>\n<div class=\"de_modul\">\n<div class=\"de_modul de_separacio de_titol\"><u>BENEFICIOS FISCALES DE HACER UNA DONACI\u00d3N<\/u><\/div>\n<div class=\"de_modul de_separacio\">\n<div style=\"float: left; width: 84%; margin-left: 1%;\"><span class=\"de_text_titol\">PERSONAS JUR\u00cdDICAS<\/span><\/div>\n<div style=\"float: left; width: 14%; margin-right: 1%; text-align: right;\"><span class=\"de_text_titol\">DEDUCCI\u00d3N<\/span><\/div>\n<\/div>\n<div class=\"de_modul\">\n<div style=\"float: left; width: 84%; margin-left: 1%;\"><span class=\"de_text_vermell\">Donaciones en general<\/span><\/div>\n<div style=\"float: left; width: 14%; margin-right: 1%; text-align: right;\">33%<\/div>\n<\/div>\n<div class=\"de_modul\">\n<div style=\"float: left; width: 84%; margin-left: 1%;\"><span class=\"de_text_vermell\">Donaciones plurianuales a la misma entidad durante al menos 3 a\u00f1os por importe igual o superior, en cada una de ellas, al del ejercicio anterior.<\/span><\/div>\n<div style=\"float: left; width: 14%; margin-right: 1%; text-align: right;\">40%<\/div>\n<\/div>\n<div class=\"de_modul\">\n<div style=\"float: left; width: 84%; margin-left: 1%;\"><span class=\"de_text_vermell\">L\u00edmite deducci\u00f3n base liquidable<\/span><\/div>\n<div style=\"float: left; width: 14%; margin-right: 1%; text-align: right;\">10%<\/div>\n<\/div>\n<\/div>\n<p>[\/vc_column_text]    <\/div>\n<\/div><\/div>[\/vc_column][\/vc_row][vc_row css_animation=\u00bb\u00bb row_type=\u00bbrow\u00bb use_row_as_full_screen_section=\u00bbno\u00bb type=\u00bbfull_width\u00bb angled_section=\u00bbno\u00bb text_align=\u00bbleft\u00bb background_image_as_pattern=\u00bbwithout_pattern\u00bb el_class=\u00bbnewsletter_section_wrapper\u00bb z_index=\u00bb\u00bb][vc_column][vc_widget_sidebar sidebar_id=\u00bbnewsletter\u00bb][\/vc_column][\/vc_row]<\/p>\n<\/div>","protected":false},"excerpt":{"rendered":"<p>[vc_row css_animation=\u00bb\u00bb row_type=\u00bbrow\u00bb use_row_as_full_screen_section=\u00bbno\u00bb type=\u00bbgrid\u00bb angled_section=\u00bbno\u00bb text_align=\u00bbleft\u00bb background_image_as_pattern=\u00bbwithout_pattern\u00bb z_index=\u00bb\u00bb][vc_column][vc_column_text el_class=\u00bbsection_title small sep_small\u00bb] Empresas socialmente responsables [\/vc_column_text][vc_column_text]Actuar con par\u00e1metros socialmente responsables es un compromiso voluntario de las empresas y las instituciones con el desarrollo social y medioambiental que comporta mejoras en competitividad y rentabilidad. ASPRONIS podemos&#8230;<\/p>\n","protected":false},"author":1,"featured_media":0,"parent":1478,"menu_order":0,"comment_status":"closed","ping_status":"closed","template":"full_width.php","meta":{"footnotes":""},"class_list":["post-1482","page","type-page","status-publish","hentry"],"yoast_head":"<!-- This site is optimized with the Yoast SEO plugin v26.8 - https:\/\/yoast.com\/product\/yoast-seo-wordpress\/ -->\n<title>Ocupaci\u00f3n con valor social - Aspronis<\/title>\n<meta name=\"robots\" content=\"index, follow, max-snippet:-1, max-image-preview:large, max-video-preview:-1\" \/>\n<link rel=\"canonical\" href=\"https:\/\/www.aspronis.com\/es\/serveis-a-les-empreses\/ocupacion-con-valor-social\/\" \/>\n<meta property=\"og:locale\" content=\"es_ES\" \/>\n<meta property=\"og:type\" content=\"article\" \/>\n<meta property=\"og:title\" content=\"Ocupaci\u00f3n con valor social - Aspronis\" \/>\n<meta property=\"og:description\" content=\"[vc_row css_animation=\u00bb\u00bb row_type=\u00bbrow\u00bb use_row_as_full_screen_section=\u00bbno\u00bb type=\u00bbgrid\u00bb angled_section=\u00bbno\u00bb text_align=\u00bbleft\u00bb background_image_as_pattern=\u00bbwithout_pattern\u00bb z_index=\u00bb\u00bb][vc_column][vc_column_text el_class=\u00bbsection_title small sep_small\u00bb] Empresas socialmente responsables [\/vc_column_text][vc_column_text]Actuar con par\u00e1metros socialmente responsables es un compromiso voluntario de las empresas y las instituciones con el desarrollo social y medioambiental que comporta mejoras en competitividad y rentabilidad. ASPRONIS podemos...\" \/>\n<meta property=\"og:url\" content=\"https:\/\/www.aspronis.com\/es\/serveis-a-les-empreses\/ocupacion-con-valor-social\/\" \/>\n<meta property=\"og:site_name\" content=\"Aspronis\" \/>\n<meta property=\"article:modified_time\" content=\"2024-04-15T09:03:53+00:00\" \/>\n<meta name=\"twitter:card\" content=\"summary_large_image\" \/>\n<meta name=\"twitter:label1\" content=\"Tiempo de lectura\" \/>\n\t<meta name=\"twitter:data1\" content=\"2 minutos\" \/>\n<script type=\"application\/ld+json\" class=\"yoast-schema-graph\">{\"@context\":\"https:\/\/schema.org\",\"@graph\":[{\"@type\":\"WebPage\",\"@id\":\"https:\/\/www.aspronis.com\/es\/serveis-a-les-empreses\/ocupacion-con-valor-social\/\",\"url\":\"https:\/\/www.aspronis.com\/es\/serveis-a-les-empreses\/ocupacion-con-valor-social\/\",\"name\":\"Ocupaci\u00f3n con valor social - Aspronis\",\"isPartOf\":{\"@id\":\"https:\/\/www.aspronis.com\/es\/#website\"},\"datePublished\":\"2022-07-07T16:24:31+00:00\",\"dateModified\":\"2024-04-15T09:03:53+00:00\",\"breadcrumb\":{\"@id\":\"https:\/\/www.aspronis.com\/es\/serveis-a-les-empreses\/ocupacion-con-valor-social\/#breadcrumb\"},\"inLanguage\":\"es\",\"potentialAction\":[{\"@type\":\"ReadAction\",\"target\":[\"https:\/\/www.aspronis.com\/es\/serveis-a-les-empreses\/ocupacion-con-valor-social\/\"]}]},{\"@type\":\"BreadcrumbList\",\"@id\":\"https:\/\/www.aspronis.com\/es\/serveis-a-les-empreses\/ocupacion-con-valor-social\/#breadcrumb\",\"itemListElement\":[{\"@type\":\"ListItem\",\"position\":1,\"name\":\"Servicios a las empresas\",\"item\":\"https:\/\/www.aspronis.com\/es\/serveis-a-les-empreses\/\"},{\"@type\":\"ListItem\",\"position\":2,\"name\":\"Ocupaci\u00f3n con valor social\"}]},{\"@type\":\"WebSite\",\"@id\":\"https:\/\/www.aspronis.com\/es\/#website\",\"url\":\"https:\/\/www.aspronis.com\/es\/\",\"name\":\"Aspronis\",\"description\":\"\",\"potentialAction\":[{\"@type\":\"SearchAction\",\"target\":{\"@type\":\"EntryPoint\",\"urlTemplate\":\"https:\/\/www.aspronis.com\/es\/?s={search_term_string}\"},\"query-input\":{\"@type\":\"PropertyValueSpecification\",\"valueRequired\":true,\"valueName\":\"search_term_string\"}}],\"inLanguage\":\"es\"}]}<\/script>\n<!-- \/ Yoast SEO plugin. -->","yoast_head_json":{"title":"Ocupaci\u00f3n con valor social - Aspronis","robots":{"index":"index","follow":"follow","max-snippet":"max-snippet:-1","max-image-preview":"max-image-preview:large","max-video-preview":"max-video-preview:-1"},"canonical":"https:\/\/www.aspronis.com\/es\/serveis-a-les-empreses\/ocupacion-con-valor-social\/","og_locale":"es_ES","og_type":"article","og_title":"Ocupaci\u00f3n con valor social - Aspronis","og_description":"[vc_row css_animation=\u00bb\u00bb row_type=\u00bbrow\u00bb use_row_as_full_screen_section=\u00bbno\u00bb type=\u00bbgrid\u00bb angled_section=\u00bbno\u00bb text_align=\u00bbleft\u00bb background_image_as_pattern=\u00bbwithout_pattern\u00bb z_index=\u00bb\u00bb][vc_column][vc_column_text el_class=\u00bbsection_title small sep_small\u00bb] Empresas socialmente responsables [\/vc_column_text][vc_column_text]Actuar con par\u00e1metros socialmente responsables es un compromiso voluntario de las empresas y las instituciones con el desarrollo social y medioambiental que comporta mejoras en competitividad y rentabilidad. ASPRONIS podemos...","og_url":"https:\/\/www.aspronis.com\/es\/serveis-a-les-empreses\/ocupacion-con-valor-social\/","og_site_name":"Aspronis","article_modified_time":"2024-04-15T09:03:53+00:00","twitter_card":"summary_large_image","twitter_misc":{"Tiempo de lectura":"2 minutos"},"schema":{"@context":"https:\/\/schema.org","@graph":[{"@type":"WebPage","@id":"https:\/\/www.aspronis.com\/es\/serveis-a-les-empreses\/ocupacion-con-valor-social\/","url":"https:\/\/www.aspronis.com\/es\/serveis-a-les-empreses\/ocupacion-con-valor-social\/","name":"Ocupaci\u00f3n con valor social - Aspronis","isPartOf":{"@id":"https:\/\/www.aspronis.com\/es\/#website"},"datePublished":"2022-07-07T16:24:31+00:00","dateModified":"2024-04-15T09:03:53+00:00","breadcrumb":{"@id":"https:\/\/www.aspronis.com\/es\/serveis-a-les-empreses\/ocupacion-con-valor-social\/#breadcrumb"},"inLanguage":"es","potentialAction":[{"@type":"ReadAction","target":["https:\/\/www.aspronis.com\/es\/serveis-a-les-empreses\/ocupacion-con-valor-social\/"]}]},{"@type":"BreadcrumbList","@id":"https:\/\/www.aspronis.com\/es\/serveis-a-les-empreses\/ocupacion-con-valor-social\/#breadcrumb","itemListElement":[{"@type":"ListItem","position":1,"name":"Servicios a las empresas","item":"https:\/\/www.aspronis.com\/es\/serveis-a-les-empreses\/"},{"@type":"ListItem","position":2,"name":"Ocupaci\u00f3n con valor social"}]},{"@type":"WebSite","@id":"https:\/\/www.aspronis.com\/es\/#website","url":"https:\/\/www.aspronis.com\/es\/","name":"Aspronis","description":"","potentialAction":[{"@type":"SearchAction","target":{"@type":"EntryPoint","urlTemplate":"https:\/\/www.aspronis.com\/es\/?s={search_term_string}"},"query-input":{"@type":"PropertyValueSpecification","valueRequired":true,"valueName":"search_term_string"}}],"inLanguage":"es"}]}},"_links":{"self":[{"href":"https:\/\/www.aspronis.com\/es\/wp-json\/wp\/v2\/pages\/1482","targetHints":{"allow":["GET"]}}],"collection":[{"href":"https:\/\/www.aspronis.com\/es\/wp-json\/wp\/v2\/pages"}],"about":[{"href":"https:\/\/www.aspronis.com\/es\/wp-json\/wp\/v2\/types\/page"}],"author":[{"embeddable":true,"href":"https:\/\/www.aspronis.com\/es\/wp-json\/wp\/v2\/users\/1"}],"replies":[{"embeddable":true,"href":"https:\/\/www.aspronis.com\/es\/wp-json\/wp\/v2\/comments?post=1482"}],"version-history":[{"count":3,"href":"https:\/\/www.aspronis.com\/es\/wp-json\/wp\/v2\/pages\/1482\/revisions"}],"predecessor-version":[{"id":1937,"href":"https:\/\/www.aspronis.com\/es\/wp-json\/wp\/v2\/pages\/1482\/revisions\/1937"}],"up":[{"embeddable":true,"href":"https:\/\/www.aspronis.com\/es\/wp-json\/wp\/v2\/pages\/1478"}],"wp:attachment":[{"href":"https:\/\/www.aspronis.com\/es\/wp-json\/wp\/v2\/media?parent=1482"}],"curies":[{"name":"wp","href":"https:\/\/api.w.org\/{rel}","templated":true}]}}

Ocupación con valor social

<div class="wpb-content-wrapper"><p>[vc_row css_animation=»» row_type=»row» use_row_as_full_screen_section=»no» type=»grid» angled_section=»no» text_align=»left» background_image_as_pattern=»without_pattern» z_index=»»][vc_column][vc_column_text el_class=»section_title small sep_small»]</p>
<h2>Empresas socialmente responsables</h2>
<p>[/vc_column_text][vc_column_text]Actuar con parámetros socialmente responsables es un compromiso voluntario de las empresas y las instituciones con el desarrollo social y medioambiental que comporta mejoras en competitividad y rentabilidad.</p>
<p>ASPRONIS podemos ser un colaborador para las empresas que quieran cumplir criterios de responsabilidad social, ya sea mediante la contratación de personas con discapacidad, contratando servicios o haciendo una donación.[/vc_column_text][vc_separator type=»transparent» up=»30&#8243;]<div class="qode-accordion-holder clearfix qode-toggle qode-initial ">
	<h4 class="clearfix qode-title-holder">
<span class="qode-tab-title">
	    <span class="qode-tab-title-inner">
        Contratar personas    </span>
</span>
<span class="qode-accordion-mark">
    <span class="qode-accordion-mark-icon">
        <span class="icon_plus"></span>
        <span class="icon_minus-06"></span>
    </span>
</span>
</h4>
<div  class="qode-accordion-content " >
    <div class="qode-accordion-content-inner">
        [vc_column_text]Las empresas de más de 50 trabajadores están sujetas al <a href="https://www.aspronis.com/wp-content/uploads/2022/09/BOE-A-2013-12632.pdf" target="_blank" rel="noopener">Decreto 1/2013, de 29 de noviembre</a>, Texto Refundido de la Ley General de derechos de las personas con discapacidad y de su inclusión social, que establece la obligación de que, al menos, el 2% de la plantilla sean trabajadores con discapacidad.</p>
<p>En ASPRONIS ponemos a disposición de las empresas un servicio de inserción: ofrecemos apoyo a la persona y la empresa para la adaptación al puesto de trabajo y hacemos seguimiento.</p>
<p>La ley también prevé la creación de enclaves laborales en las empresas.[/vc_column_text]    </div>
</div><h4 class="clearfix qode-title-holder">
<span class="qode-tab-title">
	    <span class="qode-tab-title-inner">
        Medidas alternativas    </span>
</span>
<span class="qode-accordion-mark">
    <span class="qode-accordion-mark-icon">
        <span class="icon_plus"></span>
        <span class="icon_minus-06"></span>
    </span>
</span>
</h4>
<div  class="qode-accordion-content " >
    <div class="qode-accordion-content-inner">
        [vc_column_text]En caso de que las empresas no puedan incorporar personas con discapacidad, el Decreto 364/2005, de 8 de abril, regula el cumplimiento alternativo a la cuota de reserva a favor de los trabajadores con discapacidad, como la contratación de suministros o de prestación de servicios con un Centro Especial de Empleo (CEE).</p>
<p>EL VILAR es el CEE de iniciativa social de ASPRONIS. Con nuestra amplia oferta en servicios (manipulados y envasados, jardinería, señalización, limpieza, recuperación de residuos, etc.), podemos ser un buen aliado de las empresas para cumplir con las medidas alternativas a la contratación directa de personas.[/vc_column_text]    </div>
</div><h4 class="clearfix qode-title-holder">
<span class="qode-tab-title">
	    <span class="qode-tab-title-inner">
        Donaciones o patrocinio    </span>
</span>
<span class="qode-accordion-mark">
    <span class="qode-accordion-mark-icon">
        <span class="icon_plus"></span>
        <span class="icon_minus-06"></span>
    </span>
</span>
</h4>
<div  class="qode-accordion-content " >
    <div class="qode-accordion-content-inner">
        [vc_column_text]Otras medidas alternativas previstas en la legislación vigente son las donaciones o el patrocinio con equivalencia monetaria a la contratación de personas con discapacidad.</p>
<div class="de_modul">
<div class="de_modul de_separacio de_titol"><u>BENEFICIOS FISCALES DE HACER UNA DONACIÓN</u></div>
<div class="de_modul de_separacio">
<div style="float: left; width: 84%; margin-left: 1%;"><span class="de_text_titol">PERSONAS JURÍDICAS</span></div>
<div style="float: left; width: 14%; margin-right: 1%; text-align: right;"><span class="de_text_titol">DEDUCCIÓN</span></div>
</div>
<div class="de_modul">
<div style="float: left; width: 84%; margin-left: 1%;"><span class="de_text_vermell">Donaciones en general</span></div>
<div style="float: left; width: 14%; margin-right: 1%; text-align: right;">33%</div>
</div>
<div class="de_modul">
<div style="float: left; width: 84%; margin-left: 1%;"><span class="de_text_vermell">Donaciones plurianuales a la misma entidad durante al menos 3 años por importe igual o superior, en cada una de ellas, al del ejercicio anterior.</span></div>
<div style="float: left; width: 14%; margin-right: 1%; text-align: right;">40%</div>
</div>
<div class="de_modul">
<div style="float: left; width: 84%; margin-left: 1%;"><span class="de_text_vermell">Límite deducción base liquidable</span></div>
<div style="float: left; width: 14%; margin-right: 1%; text-align: right;">10%</div>
</div>
</div>
<p>[/vc_column_text]    </div>
</div></div>[/vc_column][/vc_row][vc_row css_animation=»» row_type=»row» use_row_as_full_screen_section=»no» type=»full_width» angled_section=»no» text_align=»left» background_image_as_pattern=»without_pattern» el_class=»newsletter_section_wrapper» z_index=»»][vc_column][vc_widget_sidebar sidebar_id=»newsletter»][/vc_column][/vc_row]</p>
</div>

<p>[vc_row css_animation=»» row_type=»row» use_row_as_full_screen_section=»no» type=»grid» angled_section=»no» text_align=»left» background_image_as_pattern=»without_pattern» z_index=»»][vc_column][vc_column_text el_class=»section_title small sep_small»] Empresas socialmente responsables [/vc_column_text][vc_column_text]Actuar con parámetros socialmente responsables es un compromiso voluntario de las empresas y las instituciones con el desarrollo social y medioambiental que comporta mejoras en competitividad y rentabilidad. ASPRONIS podemos&#8230;</p>

<!-- This site is optimized with the Yoast SEO plugin v26.8 - https://yoast.com/product/yoast-seo-wordpress/ -->
<title>Ocupación con valor social - Aspronis</title>
<meta name="robots" content="index, follow, max-snippet:-1, max-image-preview:large, max-video-preview:-1" />
<link rel="canonical" href="https://www.aspronis.com/es/serveis-a-les-empreses/ocupacion-con-valor-social/" />
<meta property="og:locale" content="es_ES" />
<meta property="og:type" content="article" />
<meta property="og:title" content="Ocupación con valor social - Aspronis" />
<meta property="og:description" content="[vc_row css_animation=»» row_type=»row» use_row_as_full_screen_section=»no» type=»grid» angled_section=»no» text_align=»left» background_image_as_pattern=»without_pattern» z_index=»»][vc_column][vc_column_text el_class=»section_title small sep_small»] Empresas socialmente responsables [/vc_column_text][vc_column_text]Actuar con parámetros socialmente responsables es un compromiso voluntario de las empresas y las instituciones con el desarrollo social y medioambiental que comporta mejoras en competitividad y rentabilidad. ASPRONIS podemos..." />
<meta property="og:url" content="https://www.aspronis.com/es/serveis-a-les-empreses/ocupacion-con-valor-social/" />
<meta property="og:site_name" content="Aspronis" />
<meta property="article:modified_time" content="2024-04-15T09:03:53+00:00" />
<meta name="twitter:card" content="summary_large_image" />
<meta name="twitter:label1" content="Tiempo de lectura" />
	<meta name="twitter:data1" content="2 minutos" />
<script type="application/ld+json" class="yoast-schema-graph">{"@context":"https://schema.org","@graph":[{"@type":"WebPage","@id":"https://www.aspronis.com/es/serveis-a-les-empreses/ocupacion-con-valor-social/","url":"https://www.aspronis.com/es/serveis-a-les-empreses/ocupacion-con-valor-social/","name":"Ocupación con valor social - Aspronis","isPartOf":{"@id":"https://www.aspronis.com/es/#website"},"datePublished":"2022-07-07T16:24:31+00:00","dateModified":"2024-04-15T09:03:53+00:00","breadcrumb":{"@id":"https://www.aspronis.com/es/serveis-a-les-empreses/ocupacion-con-valor-social/#breadcrumb"},"inLanguage":"es","potentialAction":[{"@type":"ReadAction","target":["https://www.aspronis.com/es/serveis-a-les-empreses/ocupacion-con-valor-social/"]}]},{"@type":"BreadcrumbList","@id":"https://www.aspronis.com/es/serveis-a-les-empreses/ocupacion-con-valor-social/#breadcrumb","itemListElement":[{"@type":"ListItem","position":1,"name":"Servicios a las empresas","item":"https://www.aspronis.com/es/serveis-a-les-empreses/"},{"@type":"ListItem","position":2,"name":"Ocupación con valor social"}]},{"@type":"WebSite","@id":"https://www.aspronis.com/es/#website","url":"https://www.aspronis.com/es/","name":"Aspronis","description":"","potentialAction":[{"@type":"SearchAction","target":{"@type":"EntryPoint","urlTemplate":"https://www.aspronis.com/es/?s={search_term_string}"},"query-input":{"@type":"PropertyValueSpecification","valueRequired":true,"valueName":"search_term_string"}}],"inLanguage":"es"}]}</script>
<!-- / Yoast SEO plugin. -->

Ocupación con valor social - Aspronis

[vc_row css_animation=»» row_type=»row» use_row_as_full_screen_section=»no» type=»grid» angled_section=»no» text_align=»left» background_image_as_pattern=»without_pattern» z_index=»»][vc_column][vc_column_text el_class=»section_title small sep_small»] Empresas socialmente responsables [/vc_column_text][vc_column_text]Actuar con parámetros socialmente responsables es un compromiso voluntario de las empresas y las instituciones con el desarrollo social y medioambiental que comporta mejoras en competitividad y rentabilidad. ASPRONIS podemos...
